inder when w is divided by 6.
4
Let b be (4/10)/((-2)/(-60)). What is the remainder when 38 + (-2 - (-1 + -2)) is divided by (16/b)/((-4)/(-42))?
11
Let t(d) = 12*d**2 - d - 1. Let q = 1 - 2. Calculate the remainder when 33 is divided by t(q).
9
Let i(f) = f**3 - 5*f**2 - 2*f - 5. Let m be i(6). Let g = -149 - -146. Let x = g + m. Calculate the remainder when 45 is divided by x.
13
Suppose -2*z + 9*z = 1505. Let r = z - 128. Calculate the remainder when r is divided by 27.
6
Let g be (2*2/(-10))/((-7)/665). Let j = g - 10. What is the remainder when j is divided by 15?
13
Let x = 10 - -41. Let k = -49 + x. Calculate the remainder when k is divided by 1.
0
Let c(i) = 6*i - 62. Let o(u) = -u + 3. Calculate the remainder when c(13) is divided by o(-6).
7
Let p(g) = -6*g + 83. Calculate the remainder when p(-5) is divided by 23.
21
Let c(s) = s**3 + 11*s**2 + 6*s - 6. Let l be c(-5). Let v = l + -67. Let g(j) = -7*j - 2. What is the remainder when v is divided by g(-2)?
11
Suppose 60*f - 61*f + 7 = 0. Calculate the remainder when 34 is divided by f.
6
Let s(n) = 5*n**3 - 25*n**2 + n + 116. Let d(y) = y**3 - 5*y**2 + 23. Let x(i) = 11*d(i) - 2*s(i). Calculate the remainder when 76 is divided by x(5).
10
Suppose -77 = -6*p + 181. Calculate the remainder when p is divided by 20.
3
Let q = 3 - -1. Suppose q*u - 34 = 6. Suppose -y - 4*i + u = y, -4*y + 59 = -5*i. What is the remainder when 19 is divided by y?
8
Suppose 23*m - 18*m - 90 = 0. Calculate the remainder when 519 is divided by m.
15
Let w = -20 + 137. What is the remainder when w is divided by 12?
9
Suppose -2*w + 107 = 3*m, 110 = -3*w + 5*w + 4*m. Suppose 0 = 3*t - w + 7. Calculate the remainder when t is divided by 30/9*(-9)/(-6).
4
Suppose -31*y + 43*y - 396 = 0. Calculate the remainder when 97 is divided by y.
31
Let p be (0 - -45) + (-1)/(1/(-3)). Suppose 4*f - 20 = 0, 2*y + f - p - 7 = 0. What is the remainder when 47 is divided by y?
22
Suppose 2 = 3*n - 4*n + 5*w, -2*n + w = -23. Let k = n - 7. What is the remainder when 22 is divided by k?
4
Suppose 5*y + 2*r - 225 = -3*r, -5*y + r + 231 = 0. What is the remainder when 179 is divided by y?
41
What is the remainder when 59 is divided by 25/(200/(-48)) + 15?
5
Suppose 0 = -4*z - c + 174, 5*c = 2*z + 2*z - 186. Let u(x) = x**2 + 47*x - 179. What is the remainder when u(-52) is divided by z?
37
Let f = 10105 + -10090. Calculate the remainder when (8/6)/(2/36) is divided by f.
9
Let u = -1 + 6. Suppose 5*a + u = 0, -3*n + 0*a = -3*a - 102. What is the remainder when n is divided by (19 - 0 - 1)*1?
15
Suppose -5*j + 2*j = -6. Suppose 4*q - 14 = -v, 4*q - 3*v + j*v = 18. What is the remainder when 25 is divided by q?
1
Let q = -27 + 35. Suppose -4*u = -4*w + 7*w - 80, -2*w = -q. Calculate the remainder when 31 is divided by u.
14
Suppose -67*j - 832 = -21133. Calculate the remainder when j is divided by 5.
3
Let v(n) = 16*n + 4. Let a be v(-3). Let f = -34 - a. What is the remainder when 29 is divided by f?
9
Suppose 3*i + 2*m - 139 = 0, 3*m = 5*i - i - 191. Calculate the remainder when i is divided by (-22 + -14)/(1 + 5/(-2)).
23
Let h(k) = 24*k + 2. What is the remainder when h(5) is divided by 24/(-9)*(-21)/4?
10
Suppose -5*c + 2*l = 9 + 21, c - l = -6. Let d = 7 - c. What is the remainder when 38 is divided by d?
12
Suppose -5*b - 87 = -527. Let h be (-1430)/(-20) + 3/2. Let x = -58 + h. What is the remainder when b is divided by x?
13
Suppose 4*g = 3*g - 16. Let u = -5 - g. Calculate the remainder when 43 is divided by u.
10
Let x(s) = 2 - 14 + 8*s - 11*s. Let q = 20 + 33. What is the remainder when q is divided by x(-13)?
26
Suppose 5*i + 4*b - 127 = 0, 12*i + 33 = 13*i - 3*b. What is the remainder when 323 is divided by i?
26
Let q = 317 + -309. Suppose -r + 2 + 19 = 0. Calculate the remainder when r is divided by q.
5
Let p be (-1 + 3 + -1)*2. Suppose 3*y = p*m - 21, m + 0*y = -y + 13. Calculate the remainder when 23 is divided by m.
11
Let p(j) = j**2 - 6*j + 6. Suppose -5*q + 4*l + 31 = 5*l, -5*q = 3*l - 33. Calculate the remainder when 21 is divided by p(q).
3
Let g(s) = 2*s**2 - 10*s + 9. Let o be g(-9). Let f = -254 + o. Let m = 33 + -2. What is the remainder when m is divided by f?
3
Let f(h) = -h**3 - 12*h**2 - 10*h + 16. Suppose 6 = -2*p + 5*p. What is the remainder when f(-11) is divided by p?
1
Let z = -8 + 12. Suppose -3*t + t = 0. Suppose t*p + 3*q + 6 = 2*p, -3*p - 4*q = -9. What is the remainder when z is divided by p?
1
Suppose 0*x = 4*x - 324. What is the remainder when x is divided by 29?
23
Suppose a = 4*a - 60. Suppose 49*x + 770 = 50*x. Suppose 0 = 4*l - 14*l + x. What is the remainder when l is divided by a?
17
Let s = 160 + -123. What is the remainder when 180 is divided by s?
32
Suppose 4*r + 70 = 2*v, 4*r + 130 = 5*v + 9*r. What is the remainder when 46 is divided by v?
17
Let i = -494 - -540. Calculate the remainder when 226 is divided by i.
42
Let a be 9/(-6) - 295/10. Let x = -20 - a. Calculate the remainder when 40 is divided by x.
7
Calculate the remainder when 0/2 - -137*1 is divided by (8/(-12) + -1)/((-2)/42).
32
Suppose -x - 2*x = -b + 1, -x = 3*b - 33. Calculate the remainder when 26 is divided by b.
6
Let q = -51 + 50. Let j(h) = -h**2 + 7*h - 5. Let b be j(4). Let r = b + q. What is the remainder when 21 is divided by r?
3
Let p be (3 + 1)/2 + -4. Let y(l) = -20*l + 2. Let t be y(p). Let g = -27 + t. What is the remainder when g is divided by 4?
3
Calculate the remainder when 2656/14 + 66/231 is divided by 16.
14
Let y(i) = -i**2 - 37*i - 85. What is the remainder when 605 is divided by y(-34)?
10
Let b(q) = -3*q + 5. Suppose 65*f - 16*f + 1513 = 7295. What is the remainder when f is divided by b(-5)?
18
Suppose 214 = 3*k + t, 0 = 3*k - 5*k + 5*t + 120. Suppose 0 = 11*m - 18*m + k. Calculate the remainder when 48 is divided by m.
8
Suppose -2*i + 45 = 2*y + 3*i, -3*i - 128 = -5*y. Calculate the remainder when 5/(y/(-110))*-5 is divided by 7.
5
Let d be 28/(-13) - (-1)/(-39)*-6. Suppose -4*y - o = -49, 5*y + 3*o - 56 = 7*o. Let u = y - d. What is the remainder when 26 is divided by u?
12
Suppose 0 = 5*z + 20 - 80. What is the remainder when 18 is divided by z?
6
Let y = -280 + 291. Calculate the remainder when y is divided by 6.
5
Let d(c) = c**3 + 7*c**2 - 10*c - 1. Let l(i) = 9*i**3 + 2*i**2 + i. Let v = 9 + -10. Let x be l(v). What is the remainder when d(x) is divided by 4?
3
Let y be (-69)/(-1 + (1/(-2) - 0)). Suppose z = 3*z - y. What is the remainder when 43 is divided by z?
20
Suppose 0*a + 4 = 2*a. Let w(k) = k**2 + 5*k - 2. Calculate the remainder when w(-6) is divided by a.
0
Suppose -5*d + t = -1274, -5*d = -8*d - t + 758. Let o = d + -248. Let x(w) = -w**3 - 2*w**2 + 3*w - 5. Calculate the remainder when x(-4) is divided by o.
3
Let r be 0 + -19 + (0 - -1). Let c = 27 + r. Suppose 5*s = -d + 30, 2*d + 2*d + 4*s = 72. What is the remainder when d is divided by c?
6
Let r(j) = -j**2 + 8*j + 25. Let l be r(17). Let s = l + 197. Calculate the remainder when s is divided by 18.
15
Let s(p) = -93*p - 442. Calculate the remainder when s(-7) is divided by 43.
37
Calculate the remainder when 130 is divided by (-1545)/(-90) - (-3)/(-36)*2.
11
What is the remainder when 98 is divided by ((-595)/(-14) + 1)/(6/4)?
11
Let t(c) = -6*c + 4. Let m(h) = 10*h**2 + h + 5. What is the remainder when m(-2) is divided by t(-3)?
21
Suppose 4*t - 3*v - 331 = -0*t, -2*v = 2. Suppose 59*h = 9*h + 1450. What is the remainder when t is divided by h?
24
Suppose -7*d + 28 = -5*d. Let s = 107 - 53. Calculate the remainder when s is divided by (-5)/(-5)*(-3)/1 + d.
10
Suppose -9*o = -2*o - 84. Let r = 5 + 15. Suppose c - 11 - r = 0. Calculate the remainder when c is divided by o.
7
Let h be 1 - -10 - (1 + 0). Suppose -6 = v - h. Suppose -v*w - 176 = -4*j, 3*j - w - 93 = 41. What is the remainder when j is divided by 12?
9
Suppose 0*l + 71 = l. Let j = 45 + -41. Suppose 0 = j*o - 27 - 69. Calculate the remainder when l is divided by o.
23
Let m(h) = 33*h**2 - 5*h + 1. Calculate the remainder when 156 is divided by m(2).
33
Let g = 467 - 356. What is the remainder when g is divided by 6?
3
What is the remainder when (372/(-155))/(2 + 1366/(-680)) is divided by 55?
52
Let z(j) = -j**3 + 5*j**2 - 19*j + 57. Calculate